ommon divisor of c and s?
9
Let z be 6/(-1)*(-8 + 68/6). Let f be (-4)/10 - 19688/z. Calculate the greatest common factor of 24 and f.
24
Suppose 3*d = -3*m + 6*m - 1539, 5*m + 3*d - 2581 = 0. What is the highest common factor of 1339 and m?
103
Let p be (-298)/(-15) + (-28)/(-210). Suppose -73*u = -74*u + 4. Calculate the greatest common factor of p and u.
4
Let w be 6/(-2) + 4480/(-14). Let j = 326 + w. Calculate the greatest common divisor of 48 and j.
3
Let k be 8/(64/72) + -4. Suppose -113 = -k*r + 2*y, 21 = 2*y + 19. What is the greatest common divisor of r and 4?
1
Suppose -4*l + 12 = 4*x, -4*x - 16 = -2*l - 4. Suppose 11*h + l*h = 360. What is the greatest common divisor of h and 3?
3
Let i = 82501 - 82424. Let g = 346 + -247. What is the highest common divisor of g and i?
11
Suppose 0 = -55*t + 1833 + 1217 + 8665. What is the greatest common factor of 9159 and t?
213
Let r = -30529 - -30581. Let o = -13 + 21. What is the greatest common factor of r and o?
4
Let f be (1840/15)/((-4)/(-6)). Let y = -12 - -15. Suppose n = -4*v + 89, n + y = 4*v - 92. Calculate the greatest common factor of v and f.
23
Let y(r) = -2*r**3 - 6*r**2 - 44*r - 431. Let m be y(-8). Calculate the greatest common divisor of 77 and m.
11
Let d = 18 - 8. Suppose 0*y - 2484 = -6*y. Let h = y + -304. Calculate the highest common divisor of d and h.
10
Let z be 845 + (-9 - -3) - (10 + -4). Let l be (1/2)/((-18)/(-1764)). What is the highest common divisor of z and l?
49
Let l be (-336)/(-252)*(3/(-9) - (-10844)/24). Calculate the greatest common factor of l and 112.
14
Suppose -3*m + 3*j + 174 = 0, -3*m + 199 = 3*j - j. Let r = -57 + m. Let a = -68 - -98. Calculate the highest common divisor of r and a.
6
Let s be ((-15)/10)/((-3)/132). Let u = -61 + s. Suppose -m + 5*j + 24 = 0, -m + u*m = -4*j. What is the greatest common factor of m and 6?
2
Let y(s) = -s**3 - 115*s**2 - 231*s - 101. Let j be y(-113). Calculate the greatest common divisor of j and 64.
16
Let m be 2/((141/(-12) - -5) + 7). Calculate the greatest common divisor of 2 and m.
2
Suppose 2*s - 1698 = 4*i - 2180, -641 = -5*i - s. Suppose 2*m - 27 = 309. What is the greatest common factor of m and i?
42
Suppose 7*l + 2232 = 37*l - 408. What is the highest common factor of l and 2530?
22
Suppose 5*b = t + 228, 3*b + b = 4*t + 976. Let j = 272 + t. What is the highest common factor of j and 108?
12
Suppose -4*g - 5240 = -5*t + 315, -4*t + 4403 = 5*g. Suppose -1875 = -8*j - t. Suppose -19 = -4*n + 29. Calculate the greatest common factor of j and n.
12
Let k be 865/35 + 4/14. Let y = -243 + -204. Let l = y + 672. Calculate the highest common divisor of k and l.
25
Let f(q) = 3*q**2 - 18*q + 5. Let z be f(6). Suppose 2 - 3 = -i, 0 = -z*p - 3*i - 7. Let v be p + 4 + 6 + -2. What is the highest common factor of 15 and v?
3
Suppose -2*o - 482 = -3*f - 0*o, o + 4 = 0. Let i = f + -142. Suppose 48 = -4*r + 144. What is the highest common divisor of i and r?
8
Let u = 87 - 85. Suppose 4*k + 12 = -2*t, 6 - 12 = 2*t - u*k. Let g be (2/t + (-378)/(-140))*5. Calculate the highest common divisor of 121 and g.
11
Let o = -349 + 356. Suppose -932 + 6707 = o*g. What is the highest common divisor of g and 75?
75
Let m be (-2)/12 + (-7666)/12. Let x = -371 - m. Calculate the highest common divisor of x and 67.
67
Suppose 0 = -22*g + 18*g + 28. Suppose 53 = 10*n - g. Suppose 3*y + y + 3*d = 207, 0 = -y + 2*d + 38. Calculate the highest common factor of y and n.
6
Let z(m) = m**3 - 15*m**2 + 13*m + 8. Let q be z(14). Let n be (0 + -7)/((q/2)/3). Let y = 25 - n. Calculate the highest common factor of 12 and y.
6
Suppose 9*z - 6242 = 1048. Calculate the greatest common divisor of 300 and z.
30
Let q(u) = 12*u + 64. Let f be q(-6). Let m be (0 + -1)*(-28 + f). Calculate the greatest common factor of m and 60.
12
Suppose 187*u - 2955 = 182*u. Let g = u - 223. Calculate the highest common factor of g and 23.
23
Suppose 0 = -215*q + 211*q + 192. Suppose c + 2*u - 18 = 0, -c = q*u - 50*u - 14. Calculate the greatest common factor of 76 and c.
4
Suppose 0 = 22*u - 24*u - 4*a + 144, 4*a - 360 = -5*u. Calculate the greatest common divisor of 99 and u.
9
Let r be (-648)/(-25) + (-32)/(-400). Let u be (-24)/(-16) - r/(-4). Calculate the greatest common factor of u and 28.
4
Let a(g) = 2*g**3 + 33*g**2 - 13*g + 92. Let f be a(-17). What is the greatest common factor of 135 and f?
3
Let g be (119/952)/((-2)/(-13) + 19/(-208)). What is the greatest common factor of g and 1163?
1
Let s = 3623 + -3621. Calculate the greatest common divisor of s and 101.
1
Let r(i) = 2*i**2 + 38*i - 495. Let f(l) = -2*l - 7. Let g be f(-11). Let n be r(g). What is the highest common divisor of 30 and n?
15
Let g be 12*6/40*640/96. What is the greatest common factor of 318 and g?
6
Let t = -36 + 39. Suppose 2*s + 10 = 5*s + 4*h, -5 = -s - t*h. Suppose 2*m = -s*m + 80. Calculate the highest common factor of 80 and m.
20
Suppose -30*d = -49*d + 38*d - 41952. What is the greatest common factor of d and 696?
24
Suppose 3*n = 8*n - 270. Suppose -5*i - 10*f + 10 = -350, 4*i = -3*f + 288. Calculate the greatest common divisor of i and n.
18
Suppose -3*b = -5*s + 34, -s - b + 3 + 7 = 0. Let t = -1016 - -1200. What is the greatest common factor of s and t?
8
Let u = 407 - 348. Let c = -57 + u. What is the highest common divisor of c and 9?
1
Let p = -374 - -235. Let b = 163 + p. What is the highest common factor of b and 16?
8
Suppose 5*t = -20, 121*t = -s + 125*t + 786. What is the highest common divisor of s and 3388?
154
Suppose -9*v = -7*v. Suppose 0 = 4*c - 4*s - 4, v = c - 5*s + 2 + 1. Let o be (30 - (0 - 3)) + c. Calculate the highest common divisor of 5 and o.
5
Suppose 50*v = -5*l + 55*v + 450, 5*l + 4*v - 432 = 0. What is the highest common factor of 1826 and l?
22
Let q(f) = 39*f - 956. Let y be q(29). What is the highest common divisor of y and 665?
35
Let l = 504 + -288. Let r(a) = a**3 - 38*a**2 + 344*a - 67. Let k be r(14). Calculate the greatest common divisor of l and k.
9
Let q(a) = -3*a + 42. Let r be q(21). Let c = 174 + r. Let b(p) = -p + 17. Let j be b(0). Calculate the greatest common divisor of c and j.
17
Let x = 7668 - 7168. What is the highest common factor of x and 12?
4
Let d be 8256/288 + 3/((-9)/(-4)). Let s be d/(-4)*280/(-50). Calculate the highest common factor of s and 63.
21
Suppose 4*w - 101 = -5*j, -4*w = -j - 5*w + 21. Suppose 24*u = j*u + 945. Calculate the highest common divisor of 45 and u.
45
Let a = -35773 + 37993. Calculate the greatest common divisor of a and 24.
12
Let b(t) be the first derivative of -103*t**2/2 - 197*t - 133. Let l be b(-9). Calculate the greatest common divisor of l and 10.
10
Let u = 3043 - 2911. What is the greatest common factor of u and 228?
12
Let l = -2613 + 4604. Suppose -6*x - 395 = -l. Calculate the highest common factor of 28 and x.
14
Let g(n) = 10*n + 2. Let y be g(0). Let i(x) = 8*x**2 - 6. Let k be i(y). Calculate the greatest common factor of k and 130.
26
Let a = 7096 + -7050. Calculate the highest common divisor of a and 13294.
46
Let r(d) = 28*d**2 - 1. Let j be r(-1). Suppose 0 = 44*l + 6*l + 22400. Let u = l - -745. Calculate the greatest common factor of u and j.
27
Let m be 4*611/(-10) + (-114)/190. Let v be (-9835)/m - (-8)/(-7). Calculate the highest common divisor of 364 and v.
13
Let f(k) = 271*k**3 - 6*k**2 + 23*k - 19. Let d be f(3). What is the highest common divisor of 142 and d?
71
Let y be (-5340)/(-220) - (-5)/(55/(-3)). What is the greatest common factor of y and 11628?
12
Let z = -217 - -202. Let h be z/(-135) + ((-1914)/(-27) - 2). Calculate the greatest common divisor of h and 92.
23
Let t(x) = 4*x**2 + 7*x - 8. Let o be t(-8). Suppose -4*u - 48 = -v - 2*v, -3*u = 9. What is the greatest common divisor of o and v?
12
Let l(g) = -83*g - 3395. Let k be l(-45). Calculate the highest common factor of k and 55.
5
Suppose -13*o = 2*o - 2745. Let f = -181 + o. Let l(g) = -g**3 + 5*g**2 + 7*g + 2. Let r be l(6). Calculate the highest common divisor of f and r.
2
Suppose 6*f - 374 = -3*z + 5*f, -z + 129 = -4*f. Calculate the highest common factor of z and 75.
25
Suppose -61444 - 49778 = -167*u. Let a be (-2)/(-6) - (-53)/3. Calculate the highest common divisor of a and u.
18
